ose -2*v + 30 = 5*d, -3*v = -d + 3*d - 34. What is the greatest common factor of v and 25?
5
Let a(s) = -s. Let o(y) = -y + 3. Let h be o(5). Let n be a(h). Let m(z) = 28*z + 2410. Let t be m(-86). Calculate the greatest common factor of t and n.
2
Suppose -31*y = -244 - 221. Let f(c) = 9*c - 3. Let l be f(2). What is the greatest common divisor of l and y?
15
Suppose 3*t - 8 = -2. Let q = 22 - t. Suppose 0 = 4*v - q + 8. Calculate the highest common divisor of v and 15.
3
Suppose -3*j = 2*j - 40. Suppose 0 = -f + j - 3. Let n = -206 + 261. Calculate the highest common divisor of n and f.
5
Suppose 10*i = 48 + 82. Suppose 0 = 5*p - i - 57. Calculate the highest common divisor of 98 and p.
14
Suppose -2052 = u - 5*u. What is the highest common factor of u and 19?
19
Let b(f) = -f**2 - f + 21. Let u be b(0). Calculate the greatest common divisor of u and 1.
1
Suppose -52 = -2*a - 41*w + 39*w, -5*a + 130 = 4*w. What is the greatest common divisor of a and 806?
26
Let u = 306 - 270. What is the highest common divisor of u and 612?
36
Suppose m = -4*b - 10, 5*b - 2*m + 18 = -6*m. Let p be 1*b - (4 + -142). Suppose 3*i - 4 = 4*i, -4*l = 2*i - 60. What is the greatest common divisor of p and l?
17
Suppose 0 = -3*l + 307 - 127. What is the greatest common divisor of l and 20?
20
Let i = -2 + 1. Let s(d) = -99*d. Let t be s(i). Suppose -98 + 32 = -6*p. What is the greatest common factor of t and p?
11
Suppose 41*s - 914 - 3760 = 0. Calculate the greatest common factor of 3534 and s.
114
Let w be (14/(-1) - (-12 - -13))*-121. Suppose -18*x = -7*x - w. Let k be ((-30)/8)/(5/(-20)). Calculate the highest common divisor of k and x.
15
Suppose 2 = -3*d + 8. Let f(n) = -2*n + 3 - d + n**2 + 3*n. Let x be f(2). What is the greatest common factor of x and 63?
7
Let q = 409 - 407. Calculate the greatest common divisor of 8 and q.
2
Let j be (4/8 - 2)/(1/(-2)). Suppose 2*q + o - 211 = 0, -5*q + 156 + 399 = -j*o. What is the greatest common factor of q and 12?
12
Let l(j) = -j + 23. Suppose -5*i + 7*i - 5*y - 35 = 0, -3*i - 2*y = -43. Let r be l(i). What is the greatest common divisor of r and 1?
1
Suppose 5*w - 3375 = -4*x + 4*w, -4*w - 4245 = -5*x. Calculate the greatest common divisor of x and 13.
13
Suppose -13*y + 38 = -105. Let k(t) = 6*t**3 + 2*t**2 - t + 1. Let a be k(2). What is the highest common divisor of y and a?
11
Suppose -3*k = -2*k - 21. Suppose 1094 = -7*g + 3957. Let n = g + -241. What is the highest common divisor of n and k?
21
Let w be 1 + -2 - (-12)/3. Let a = -4 + w. Let h be (-3 - (3 + 82))*a. Calculate the highest common factor of h and 11.
11
Suppose -2*i = o - 436, -4*o = -i - 0*i + 200. Let s(w) = -35*w - 2. Let l be s(-1). Suppose -z + l - 9 = 0. Calculate the greatest common divisor of z and i.
24
Let k = -1127 - -1271. Calculate the highest common divisor of 4464 and k.
144
Let r(z) = -19*z. Let f be r(-1). Suppose o - 3*d = 15, -5*o = -3*d - f + 4. Let m = 8 - o. Calculate the greatest common factor of m and 16.
8
Suppose 3*b - 323 - 1783 = 0. Calculate the highest common divisor of b and 78.
78
Let j(w) = -w + 5. Let l be j(2). Suppose 4*t + t = -v + 6, 5*v + l*t - 30 = 0. Suppose 2*a = 60 - v. Calculate the greatest common divisor of a and 297.
27
Let s be (-226)/(-7) - (-68)/(-238). Calculate the greatest common divisor of 608 and s.
32
Let y(j) = j**2 - 10*j + 47. Let s be y(7). What is the highest common divisor of s and 702?
26
Let i be (-3 + 10)*-1 - -691. What is the greatest common factor of i and 152?
76
Let z = -546 - -744. What is the greatest common factor of 88 and z?
22
Let v(f) = -f + 16. Let y be v(13). Suppose -5*h = -5*s + 4*s - 14, y*s - 2*h = -3. Calculate the greatest common factor of 9 and s.
1
Suppose -5*z + 8 = -22. Let s = 16 - z. Let r(m) = 27*m**2 + 2*m + 6. Let k be r(-2). Calculate the highest common divisor of s and k.
10
Suppose 3*p + 2*t = -3, -t = 3*t + 12. Let w be (24/(-10))/((-6)/30). Let o = w + -11. Calculate the highest common factor of o and p.
1
Let z be (-16378)/(-171) + (14/(-18) - -1). What is the highest common divisor of 24 and z?
24
Let i(k) = k**3 + 4*k**2 - 3*k - 9. Let y be i(-4). Calculate the greatest common divisor of y and 3.
3
Suppose 3642 = 4*k + 1442. Suppose -77*t + 72*t + k = 0. Calculate the highest common divisor of t and 22.
22
Let m(w) = -29*w - 8. Let r be m(-1). Suppose 0 = -8*p + p + r. Calculate the highest common factor of p and 2.
1
Let v(f) = f**3 - f**2 + f + 27. Let t = 27 + -27. Let u be v(t). Calculate the greatest common divisor of 18 and u.
9
Let g = -164 + 224. What is the highest common divisor of g and 80?
20
Let l(b) = -5*b - 1. Let g be (2/(-6))/((-3)/(-27)). Let z be l(g). Let s be 11 + (-7)/(z/(-4)). Calculate the greatest common factor of s and 143.
13
Suppose 25*v - 17*v - 744 = 0. Calculate the greatest common factor of 155 and v.
31
Let q = 2 - 2. Let l be (-1 + q + 0)*(-48 + 2). What is the greatest common divisor of l and 23?
23
Suppose 115 = 5*t + 275*g - 276*g, -g - 159 = -7*t. Suppose 4*x - 3*n - 607 = 0, -n = -2*x + 2*n + 299. What is the highest common divisor of t and x?
22
Let h = 26 - 30. Let n be 1/(h/(-84) - 0). What is the highest common divisor of n and 7?
7
Let g be (-117)/(-12)*4/1. Suppose -28*j + 16*j + 312 = 0. Calculate the greatest common factor of j and g.
13
Let u = -17 + 20. Suppose 3*j - j = 0. Let m = 1 + j. Calculate the greatest common factor of m and u.
1
Suppose 399 = 13*p + 6*p. Calculate the highest common divisor of p and 21.
21
Let m(j) = j**3 + 2*j**2 - 7*j - 6. Let g be m(-5). Let p = 76 + g. Calculate the highest common divisor of p and 135.
15
Suppose h + 29 - 351 = -m, 4*m + 966 = 3*h. What is the greatest common divisor of 14 and h?
14
Let o(c) = -17*c + 5. Let f be (0 - -1)/((-6)/18). Let j be o(f). Suppose 0*q - 7*q = -j. Calculate the greatest common factor of 16 and q.
8
Let n(j) = 4*j**3 - 40*j**2 + j + 22. Let d be n(10). What is the greatest common factor of d and 800?
32
Let x(f) = 2*f**3 + 6*f**2 - 2*f + 11. Let b be x(-5). Let n = b - -88. Calculate the highest common divisor of n and 1.
1
Suppose 5*i - 106 = 5*b - 321, -2*b - 2*i + 90 = 0. Calculate the highest common factor of b and 121.
11
Let d(y) = y + 10. Let g be d(-7). Suppose 7*n = -5*t + 2*n + 525, g*t = 2*n + 310. Calculate the highest common factor of t and 26.
26
Let k = 63 + -55. Let v be 1/6*3 + 92/k. Suppose -4*f + 31 = -17. Calculate the greatest common factor of f and v.
12
Suppose -20*j + 4675 = 5*j. What is the greatest common divisor of j and 68?
17
Suppose 2*w - 34 = -r, 8*r - 6*r = 4. Let j be 4*(2 - 1 - -1). What is the highest common factor of j and w?
8
Suppose -4*p = -2*j + 6 - 14, 2*p = 4*j + 4. Suppose p*r = -r + 24. Calculate the highest common divisor of r and 12.
4
Let i = 47 - 18. Suppose 2*m = 3*a - 35, -i = -2*a + a + 5*m. Suppose a*w - 4*w = 55. What is the greatest common divisor of 99 and w?
11
Let v be (-2)/((10 - 11)/34). Calculate the greatest common divisor of 85 and v.
17
Suppose -5*y = 4*g + 28, -g + 14 = -3*y - y. Let n be 2*-2*3/y. Suppose 2*q + 32 = 7*q + t, 24 = n*q + 3*t. Calculate the highest common factor of 15 and q.
3
Suppose -4*a + 15 = -6*j + 3*j, -a + 5*j + 8 = 0. Let b(q) = -q**2 + 2*q - 3. Let r be b(-3). Let n = r + 27. What is the highest common factor of n and a?
3
Let d(p) = -p**3 - 4*p - 1. Let h be d(-3). Let b(t) = 10*t + 15. Let c be -3 + 0 + (-33)/(-3). Let f be b(c). What is the highest common divisor of f and h?
19
Suppose 312 - 91 + 131 = 32*s. Let k(w) = -54*w**3 + w**2 - w - 1. Let v be k(-1). What is the highest common factor of v and s?
11
Let d(a) = -4*a - 4. Let f be d(-1). Suppose f = -10*l + 345 + 1215. What is the greatest common factor of 39 and l?
39
Let j = 8 - 6. Suppose j*p = 7*p - 195. Calculate the highest common divisor of p and 39.
39
Suppose 3*m + i = 27, -2*i + i = -m + 9. What is the highest common divisor of m and 30?
3
Let n(a) = -a**3 - a**2 + 19. Let d be n(0). Suppose 4*p - 15 = -3*v, -5*p - 6 + d = -2*v. What is the highest common divisor of v and 11?
1
Let p be (16 - 4)*(-2)/2. Let t be 19/(-7) + p/42. Let v be ((-10)/t)/((-4)/(-18)). Calculate the highest common factor of 105 and v.
15
Let u = 9 + -7. Suppose -b - u*r + 5 = r, -5*b = r - 11. S